ed by 1050?
1007
Calculate the remainder when 313597 is divided by 62491.
1142
Calculate the remainder when 127717 is divided by 63778.
161
What is the remainder when 329796 is divided by 64?
4
Calculate the remainder when 150771 is divided by 24836.
1755
What is the remainder when 1207424 is divided by 3785?
9
Calculate the remainder when 115545 is divided by 115493.
52
What is the remainder when 2117879 is divided by 666?
665
Calculate the remainder when 1328947 is divided by 39.
22
What is the remainder when 802470 is divided by 147?
144
What is the remainder when 3165295 is divided by 6340?
1635
What is the remainder when 25907196 is divided by 54?
48
Calculate the remainder when 6104434 is divided by 25976.
74
What is the remainder when 468534 is divided by 14641?
22
What is the remainder when 278019 is divided by 3158?
115
Calculate the remainder when 88166 is divided by 28742.
1940
What is the remainder when 466986 is divided by 77802?
174
Calculate the remainder when 3030193 is divided by 89103.
691
What is the remainder when 22990942 is divided by 47?
46
Calculate the remainder when 190621 is divided by 23808.
157
What is the remainder when 484393 is divided by 41?
19
Calculate the remainder when 125091 is divided by 907.
832
Calculate the remainder when 18881035 is divided by 6293623.
166
Calculate the remainder when 95766719 is divided by 192.
191
Calculate the remainder when 2114410 is divided by 2037.
4
Calculate the remainder when 49200363 is divided by 247238.
1
What is the remainder when 75392060 is divided by 9424006?
12
Calculate the remainder when 67982941 is divided by 4.
1
What is the remainder when 1341086 is divided by 417?
14
What is the remainder when 14682093 is divided by 6072?
6069
Calculate the remainder when 23132367 is divided by 23132256.
111
Calculate the remainder when 103109826 is divided by 43.
40
What is the remainder when 43192361 is divided by 464?
457
What is the remainder when 411400 is divided by 157?
60
Calculate the remainder when 103204 is divided by 12059.
6732
What is the remainder when 41039732 is divided by 3156902?
6
What is the remainder when 191556 is divided by 2961?
2052
Calculate the remainder when 7734516 is divided by 9.
6
What is the remainder when 298353 is divided by 22946?
55
Calculate the remainder when 391735 is divided by 4212.
19
Calculate the remainder when 434004121 is divided by 514.
511
What is the remainder when 44502666 is divided by 2765?
2756
Calculate the remainder when 7201233 is divided by 2400406.
15
What is the remainder when 57177430 is divided by 28588715?
0
What is the remainder when 67560 is divided by 3554?
34
What is the remainder when 533551 is divided by 31372?
227
What is the remainder when 4171250 is divided by 18215?
15
Calculate the remainder when 47190 is divided by 1434.
1302
Calculate the remainder when 75452 is divided by 35577.
4298
Calculate the remainder when 3421684 is divided by 2476.
2328
Calculate the remainder when 5627467 is divided by 78159.
19
What is the remainder when 54802 is divided by 53448?
1354
Calculate the remainder when 611786 is divided by 6427.
1221
What is the remainder when 2042587 is divided by 3559?
3280
Calculate the remainder when 21599419 is divided by 797.
719
What is the remainder when 2973305 is divided by 26785?
170
Calculate the remainder when 77250817 is divided by 857.
837
What is the remainder when 522269 is divided by 1496?
165
What is the remainder when 56723414 is divided by 694?
18
Calculate the remainder when 954651190 is divided by 404.
402
What is the remainder when 636203 is divided by 2171?
100
What is the remainder when 5214981 is divided by 149?
130
What is the remainder when 118868 is divided by 18866?
5672
Calculate the remainder when 139046 is divided by 19842.
152
What is the remainder when 49911856 is divided by 24955907?
42
Calculate the remainder when 94985 is divided by 722.
403
Calculate the remainder when 33216778 is divided by 31.
30
Calculate the remainder when 1287068 is divided by 1968.
1964
Calculate the remainder when 71337 is divided by 1484.
105
Calculate the remainder when 11536 is divided by 1532.
812
Calculate the remainder when 305543 is divided by 152620.
303
What is the remainder when 308582 is divided by 254?
226
Calculate the remainder when 988848 is divided by 11366.
6
Calculate the remainder when 4563159 is divided by 18.
15
Calculate the remainder when 35169577 is divided by 2155.
2132
What is the remainder when 752649943 is divided by 967?
965
What is the remainder when 27247658 is divided by 3027517?
5
Calculate the remainder when 317034 is divided by 876.
798
Calculate the remainder when 11985741 is divided by 55.
31
Calculate the remainder when 16178 is divided by 7484.
1210
What is the remainder when 10635794 is divided by 222?
218
Calculate the remainder when 12536652 is divided by 32.
12
Calculate the remainder when 1878048330 is divided by 1477.
1474
What is the remainder when 1100881481 is divided by 99?
95
What is the remainder when 868355 is divided by 7062?
6791
What is the remainder when 44976 is divided by 227?
30
Calculate the remainder when 57296449 is divided by 1584.
1
Calculate the remainder when 10960502 is divided by 843115.
7
What is the remainder when 2868104 is divided by 51?
17
What is the remainder when 4232005 is divided by 470221?
16
What is the remainder when 124293 is divided by 752?
213
Calculate the remainder when 2779237 is divided by 315.
307
Calculate the remainder when 25051588 is divided by 82.
14
What is the remainder when 349157 is divided by 113228?
9473
Calculate the remainder when 92074886 is divided by 1460.
1446
Calculate the remainder when 8887 is divided by 8677.
210
Calculate the remainder when 869917 is divided by 660.
37
What is the remainder when 4729525 is divided by 5399?
1
What is the remainder when 97847 is divided by 135?
107
Calculate the remainder when 207751 is divided by 12179.
708
What is the remainder when 46142 is divided by 869?
85
What is the remainder when 1803041 is divided by 360484?
621
What is the remainder when 143748 is divided by 3980?
468
What is the remainder when 450848 is divided by 920?
48
Calculate the remainder when 37246793 is divided by 1044.
5
Calculate the remainder when 845273 is divided by 73.
6
What is the remainder when 207314015 is divided by 5928?
5927
What is the remainder when 1437014 is divided by 1990?
234
What is the remainder when 21731871 is divided by 82?
67
What is the remainder when 8275 is divided by 387?
148
What is the remainder when 71006185 is divided by 14201213?
120
Calculate the remainder when 339009 is divided by 6631.
828
Calculate the remainder when 91854879 is divided by 1580.
1579
What is the remainder when 354943 is divided by 1336?
903
What is the remainder when 389219376 is divided by 110?
106
Calculate the remainder when 335300 is divided by 111.
80
What is the remainder when 219453 is divided by 4069?
3796
Calculate the remainder when 1373331 is divided by 1373330.
1
What is the remainder when 368740 is divided by 13657?
1
Calculate the remainder when 158267 is divided by 1018.
477
What is the remainder when 777489 is divided by 2385?
2364
What is the remainder when 15019 is divided by 4624?
1147
What is the remainder when 74369 is divided by 1653?
1637
Calculate the remainder when 2065823 is divided by 792.
287
What is the remainder when 4686080 is divided by 2343005?
70
What is the remainder when 57242 is divided by 505?
177
Calculate the remainder when 1251600 is divided by 2435.
10
Calculate the remainder when 617614 is divided by 158.
150
What is the remainder when 25188617 is divided by 1375?
1367
What is the remainder when 251358 is divided by 300?
258
What is the remainder when 9992581 is divided by 1182?
1135
Calculate the remainder when 324139 is divided by 323107.
1032
What is the remainder when 7000771 is divided by 87509?
51
What is the remainder when 416412 is divided by 14871?
24
What is the remainder when 193215 is divided by 1664?
191
Calculate the remainder when 52647489 is divided by 24228.
45
What is the remainder when 8259082 is divided by 110121?
7
What is the remainder when 226448 is divided by 544?
144
Calculate the remainder when 